{"id":84762,"date":"2023-10-10T13:26:35","date_gmt":"2023-10-10T11:26:35","guid":{"rendered":"https:\/\/www.ricany.cz\/urban-transport\/city-buses-and-school-lines\/"},"modified":"2025-02-11T08:53:54","modified_gmt":"2025-02-11T07:53:54","slug":"city-buses-and-school-lines","status":"publish","type":"page","link":"https:\/\/www.ricany.cz\/en\/city\/urban-transport\/city-buses-and-school-lines\/","title":{"rendered":"City buses and school lines"},"content":{"rendered":"\n<p><strong>Timetables valid from 8 December 2024 to 13 December 2025  <\/strong><\/p>\n\n<ul class=\"wp-block-list\">\n<li><a href=\"https:\/\/www.ricany.cz\/wp-content\/uploads\/2024\/12\/L289001_241208_608506.pdf\"><strong>Line 1 yellow<\/strong> <\/a><\/li>\n\n\n\n<li><a href=\"https:\/\/www.ricany.cz\/wp-content\/uploads\/2024\/12\/L289002_241208_608507.pdf\"><strong>Line 2 red<\/strong> <\/a><\/li>\n\n\n\n<li><a href=\"https:\/\/www.ricany.cz\/wp-content\/uploads\/2024\/12\/L289003_241208_608508.pdf\"><strong>Line 3 blue<\/strong> <\/a><\/li>\n\n\n\n<li><strong><a href=\"https:\/\/www.ricany.cz\/wp-content\/uploads\/2024\/12\/L289007_241208_608512.pdf\">Line 7 purple<\/a><\/strong><\/li>\n\n\n\n<li><strong><a href=\"https:\/\/www.ricany.cz\/wp-content\/uploads\/2024\/12\/L289008_241208_608513.pdf\">Line 8 green<\/a><\/strong><br\/><br\/><br\/><strong>School lines valid from 8 December 2024 to 13 December 2025:  <\/strong><\/li>\n\n\n\n<li><a href=\"https:\/\/www.ricany.cz\/wp-content\/uploads\/2024\/12\/L289004_241208_608509.pdf\"><strong>School line \u01601<\/strong> <\/a><\/li>\n\n\n\n<li><strong><a href=\"https:\/\/www.ricany.cz\/wp-content\/uploads\/2024\/12\/L289005_241208_608510.pdf\">School line \u01602<\/a><\/strong><\/li>\n\n\n\n<li><strong><a href=\"https:\/\/www.ricany.cz\/wp-content\/uploads\/2024\/12\/L289006_241208_608511.pdf\">School line \u01603<\/a><\/strong> <br\/><br\/><br\/><\/li>\n\n\n\n<li>On Saturdays there are two lines. Line no. 8 to Ku\u0159\u00ed remains and the second bus will take you from Pastelkov to Ja\u017elovice. Pay attention to the markings! From Pastelkov to the station, the bus will run as line no. 2 and from the railway station to Ja\u017elovice as line no. 3.<br\/><br\/><\/li>\n\n\n\n<li>Some stops have been renamed. The reason is simplification according to transport standards. The initiative to change the names was submitted by ROPID and the Regional Authority of the Central Bohemia Region approved it. For example. At the former name K \u017eel. St. (now Ha\u0161kova) was the argument that the station was too far away to name the stop after him. The name U nemocnice (now Sokolovna) was too similar to the name Hospital.<br\/><br\/><\/li>\n\n\n\n<li><strong>\u0158\u00cd\u010cANY WILL BE SERVED BY SIX BUSES FROM SEPTEMBER<\/strong> 2022. Thanks to the increase in the number of buses, we were able to reinforce all lines so that they run in the morning and afternoon in half-hourly intervals (this applies to the backbone lines 1, 2, 3, where a 30-minute interval was introduced at peak times and a 60-minute interval at off-peak times).  <br\/><br\/><\/li>\n\n\n\n<li>The city has been operating its own public transport since 2018. The whole concept was prepared and promoted by the Quiet City movement in cooperation with the Union for Sport and Health. According to a survey conducted in spring 2023, \u0158\u00ed\u010dany buses carry more than 11,000 passengers per week.  <em>&#8220;Free buses are already an interesting alternative to the private car for many people, just like shared bikes or demand-response transport. We are therefore negotiating with the carrier, among other things, about the delivery of new buses. We would like to offer \u0158\u00ed\u010dany residents a higher capacity and especially greater comfort<\/em>,&#8221; comments Mayor David Michali\u010dka (Klidn\u00e9 m\u011bsto) on the increased interest in public transport.<\/li>\n<\/ul>\n\n<ul class=\"wp-block-list\">\n<li><\/li>\n<\/ul>\n\n<p><strong>Modified line routes in connection with the reconstruction of \u010cernokosteleck\u00e1<\/strong>:<\/p>\n\n<ul class=\"wp-block-list\">\n<li><a href=\"https:\/\/www.ricany.cz\/wp-content\/uploads\/2024\/07\/linka-1-zluta.pdf\"><strong>Route map of line 1 yellow<\/strong><\/a><\/li>\n\n\n\n<li><a href=\"https:\/\/www.ricany.cz\/wp-content\/uploads\/2024\/07\/linka-3-modra.pdf\"><strong>Route map of line 3 blue<\/strong><\/a><\/li>\n\n\n\n<li><a href=\"https:\/\/www.ricany.cz\/wp-content\/uploads\/2024\/07\/0596-24-vyveska-Ricany-uzav.-I-2-usek-Smirickych-B.Nemcove.pdf\"><strong>PID route map<\/strong><\/a><\/li>\n<\/ul>\n\n<p>You can track the current location of minibuses <a href=\"https:\/\/www.ricany.cz\/en\/city\/urban-transport\/location-of-buses\/\" data-type=\"link\" data-id=\"https:\/\/www.ricany.cz\/mesto\/mestska-doprava\/poloha-autobusu\/\">online on the web<\/a> or in the mobile application \u0158\u00ed\u010dany v mobilu.<\/p>\n\n<p><a href=\"https:\/\/www.ricany.cz\/wp-content\/uploads\/2023\/11\/RICANY_mapa_zari2022.pdf\" data-type=\"link\" data-id=\"https:\/\/www.ricany.cz\/wp-content\/uploads\/2023\/11\/RICANY_mapa_zari2022.pdf\" target=\"_blank\" rel=\"noreferrer noopener\"><strong>MAP of city lines only<\/strong><\/a><br\/><a href=\"http:\/\/pid.cz\/wp-content\/uploads\/mapy\/mesta-region\/Ricany_mapa_A3.pdf\" target=\"_blank\" rel=\"noreferrer noopener\"><strong>MAP of city and PID lines<\/strong><\/a><br\/><strong><a href=\"http:\/\/pid.cz\/wp-content\/uploads\/mapy\/mesta-region\/Ricany_linkove-vedeni_A3-opt.pdf\" target=\"_blank\" rel=\"noreferrer noopener\">PID line diagram including public transport lines<\/a><\/strong><\/p>\n\n<p>Have you forgotten something on the buses of \u0158\u00ed\u010dany public transport?<\/p>\n    <section class=\"block block-contacts\" >\n                    <div class=\"contacts\">\n                <article class=\"contact mestsky-urad-ricany\">\n            <div class=\"picture\">\n            <img decoding=\"async\" width=\"200\" height=\"200\" src=\"https:\/\/www.ricany.cz\/wp-content\/smush-webp\/2023\/09\/ricany-radni-vorackova-jarmila-200x200.jpg.webp\" class=\"thumbnail wp-post-image\" alt=\"Vor\u00e1\u010dkov\u00e1 Jarmila Ing.\" title=\"Vor\u00e1\u010dkov\u00e1 Jarmila Ing.\" srcset=\"https:\/\/www.ricany.cz\/wp-content\/smush-webp\/2023\/09\/ricany-radni-vorackova-jarmila-200x200.jpg.webp 200w, https:\/\/www.ricany.cz\/wp-content\/smush-webp\/2023\/09\/ricany-radni-vorackova-jarmila-400x400.jpg.webp 400w, https:\/\/www.ricany.cz\/wp-content\/smush-webp\/2023\/09\/ricany-radni-vorackova-jarmila-150x150.jpg.webp 150w, https:\/\/www.ricany.cz\/wp-content\/smush-webp\/2023\/09\/ricany-radni-vorackova-jarmila-800x800.jpg.webp 800w\" sizes=\"(max-width: 200px) 100vw, 200px\" \/>        <\/div>\n        <div class=\"content\">\n        <h4>                Vor\u00e1\u010dkov\u00e1 Jarmila Ing.                <\/h4>                    <div class=\"description\">radn\u00ed \u2013 uvoln\u011bn\u00e1<\/div>\n                <div class=\"details\">\n                            <a class=\"icon phone\" href=\"tel:+420323618109\" title=\"Phone\" aria-label=\"Phone\">+420&nbsp;323&nbsp;618&nbsp;109<\/a>\n                                        <a class=\"icon mobile\" href=\"tel:+420702243953\" title=\"Mobile\" aria-label=\"Mobile\">+420&nbsp;702 243 953<\/a>\n                                        <a class=\"icon mail\" href=\"mailto:jarmila.vorackova@ricany.cz\" title=\"Email\" aria-label=\"Email\">jarmila.vorackova@ricany.cz<\/a>\n                                        <p class=\"icon office\" title=\"Office number\" aria-label=\"Office number\">A-211<\/p>\n                                                    <p class=\"icon department\">\n                                                <a href=\"https:\/\/www.ricany.cz\/kontakty\/databaze-kontaktu\/?_kontakty_oddeleni=vedeni-mesta\" title=\"Department\" aria-label=\"Department\">Veden\u00ed m\u011bsta<\/a>\n                                    <\/p>\n                                            <\/div>\n    <\/div>\n<\/article>            <\/div>\n            <\/section>\n","protected":false},"excerpt":{"rendered":"<p>Timetables valid from 8 December 2024 to 13 December 2025 Modified line routes in connection with the reconstruction of \u010cernokosteleck\u00e1:&#8230;<\/p>\n","protected":false},"author":1,"featured_media":0,"parent":84739,"menu_order":193,"comment_status":"closed","ping_status":"closed","template":"","meta":{"_acf_changed":false,"_relevanssi_hide_post":"","_relevanssi_hide_content":"","_relevanssi_pin_for_all":"","_relevanssi_pin_keywords":"","_relevanssi_unpin_keywords":"","_relevanssi_related_keywords":"","_relevanssi_related_include_ids":"","_relevanssi_related_exclude_ids":"","_relevanssi_related_no_append":"","_relevanssi_related_not_related":"","_relevanssi_related_posts":"","_relevanssi_noindex_reason":"","inline_featured_image":false,"footnotes":""},"class_list":["post-84762","page","type-page","status-publish","hentry"],"acf":[],"_links":{"self":[{"href":"https:\/\/www.ricany.cz\/en\/wp-json\/wp\/v2\/pages\/84762","targetHints":{"allow":["GET"]}}],"collection":[{"href":"https:\/\/www.ricany.cz\/en\/wp-json\/wp\/v2\/pages"}],"about":[{"href":"https:\/\/www.ricany.cz\/en\/wp-json\/wp\/v2\/types\/page"}],"author":[{"embeddable":true,"href":"https:\/\/www.ricany.cz\/en\/wp-json\/wp\/v2\/users\/1"}],"replies":[{"embeddable":true,"href":"https:\/\/www.ricany.cz\/en\/wp-json\/wp\/v2\/comments?post=84762"}],"version-history":[{"count":3,"href":"https:\/\/www.ricany.cz\/en\/wp-json\/wp\/v2\/pages\/84762\/revisions"}],"predecessor-version":[{"id":105671,"href":"https:\/\/www.ricany.cz\/en\/wp-json\/wp\/v2\/pages\/84762\/revisions\/105671"}],"up":[{"embeddable":true,"href":"https:\/\/www.ricany.cz\/en\/wp-json\/wp\/v2\/pages\/84739"}],"wp:attachment":[{"href":"https:\/\/www.ricany.cz\/en\/wp-json\/wp\/v2\/media?parent=84762"}],"curies":[{"name":"wp","href":"https:\/\/api.w.org\/{rel}","templated":true}]}}

<p><strong>Timetables valid from 8 December 2024 to 13 December 2025  </strong></p>

<ul class="wp-block-list">
<li><a href="https://www.ricany.cz/wp-content/uploads/2024/12/L289001_241208_608506.pdf"><strong>Line 1 yellow</strong> </a></li>



<li><a href="https://www.ricany.cz/wp-content/uploads/2024/12/L289002_241208_608507.pdf"><strong>Line 2 red</strong> </a></li>



<li><a href="https://www.ricany.cz/wp-content/uploads/2024/12/L289003_241208_608508.pdf"><strong>Line 3 blue</strong> </a></li>



<li><strong><a href="https://www.ricany.cz/wp-content/uploads/2024/12/L289007_241208_608512.pdf">Line 7 purple</a></strong></li>



<li><strong><a href="https://www.ricany.cz/wp-content/uploads/2024/12/L289008_241208_608513.pdf">Line 8 green</a></strong><br/><br/><br/><strong>School lines valid from 8 December 2024 to 13 December 2025:  </strong></li>



<li><a href="https://www.ricany.cz/wp-content/uploads/2024/12/L289004_241208_608509.pdf"><strong>School line Š1</strong> </a></li>



<li><strong><a href="https://www.ricany.cz/wp-content/uploads/2024/12/L289005_241208_608510.pdf">School line Š2</a></strong></li>



<li><strong><a href="https://www.ricany.cz/wp-content/uploads/2024/12/L289006_241208_608511.pdf">School line Š3</a></strong> <br/><br/><br/></li>



<li>On Saturdays there are two lines. Line no. 8 to Kuří remains and the second bus will take you from Pastelkov to Jažlovice. Pay attention to the markings! From Pastelkov to the station, the bus will run as line no. 2 and from the railway station to Jažlovice as line no. 3.<br/><br/></li>



<li>Some stops have been renamed. The reason is simplification according to transport standards. The initiative to change the names was submitted by ROPID and the Regional Authority of the Central Bohemia Region approved it. For example. At the former name K žel. St. (now Haškova) was the argument that the station was too far away to name the stop after him. The name U nemocnice (now Sokolovna) was too similar to the name Hospital.<br/><br/></li>



<li><strong>ŘÍČANY WILL BE SERVED BY SIX BUSES FROM SEPTEMBER</strong> 2022. Thanks to the increase in the number of buses, we were able to reinforce all lines so that they run in the morning and afternoon in half-hourly intervals (this applies to the backbone lines 1, 2, 3, where a 30-minute interval was introduced at peak times and a 60-minute interval at off-peak times).  <br/><br/></li>



<li>The city has been operating its own public transport since 2018. The whole concept was prepared and promoted by the Quiet City movement in cooperation with the Union for Sport and Health. According to a survey conducted in spring 2023, Říčany buses carry more than 11,000 passengers per week.  <em>&#8220;Free buses are already an interesting alternative to the private car for many people, just like shared bikes or demand-response transport. We are therefore negotiating with the carrier, among other things, about the delivery of new buses. We would like to offer Říčany residents a higher capacity and especially greater comfort</em>,&#8221; comments Mayor David Michalička (Klidné město) on the increased interest in public transport.</li>
</ul>

<ul class="wp-block-list">
<li></li>
</ul>

<p><strong>Modified line routes in connection with the reconstruction of Černokostelecká</strong>:</p>

<ul class="wp-block-list">
<li><a href="https://www.ricany.cz/wp-content/uploads/2024/07/linka-1-zluta.pdf"><strong>Route map of line 1 yellow</strong></a></li>



<li><a href="https://www.ricany.cz/wp-content/uploads/2024/07/linka-3-modra.pdf"><strong>Route map of line 3 blue</strong></a></li>



<li><a href="https://www.ricany.cz/wp-content/uploads/2024/07/0596-24-vyveska-Ricany-uzav.-I-2-usek-Smirickych-B.Nemcove.pdf"><strong>PID route map</strong></a></li>
</ul>

<p>You can track the current location of minibuses <a href="https://www.ricany.cz/en/city/urban-transport/location-of-buses/" data-type="link" data-id="https://www.ricany.cz/mesto/mestska-doprava/poloha-autobusu/">online on the web</a> or in the mobile application Říčany v mobilu.</p>

<p><a href="https://www.ricany.cz/wp-content/uploads/2023/11/RICANY_mapa_zari2022.pdf" data-type="link" data-id="https://www.ricany.cz/wp-content/uploads/2023/11/RICANY_mapa_zari2022.pdf" target="_blank" rel="noreferrer noopener"><strong>MAP of city lines only</strong></a><br/><a href="http://pid.cz/wp-content/uploads/mapy/mesta-region/Ricany_mapa_A3.pdf" target="_blank" rel="noreferrer noopener"><strong>MAP of city and PID lines</strong></a><br/><strong><a href="http://pid.cz/wp-content/uploads/mapy/mesta-region/Ricany_linkove-vedeni_A3-opt.pdf" target="_blank" rel="noreferrer noopener">PID line diagram including public transport lines</a></strong></p>

<p>Have you forgotten something on the buses of Říčany public transport?</p>
    <section class="block block-contacts" >
                    <div class="contacts">
                <article class="contact mestsky-urad-ricany">
            <div class="picture">
            <img decoding="async" width="200" height="200" src="https://www.ricany.cz/wp-content/smush-webp/2023/09/ricany-radni-vorackova-jarmila-200x200.jpg.webp" class="thumbnail wp-post-image" alt="Voráčková Jarmila Ing." title="Voráčková Jarmila Ing." srcset="https://www.ricany.cz/wp-content/smush-webp/2023/09/ricany-radni-vorackova-jarmila-200x200.jpg.webp 200w, https://www.ricany.cz/wp-content/smush-webp/2023/09/ricany-radni-vorackova-jarmila-400x400.jpg.webp 400w, https://www.ricany.cz/wp-content/smush-webp/2023/09/ricany-radni-vorackova-jarmila-150x150.jpg.webp 150w, https://www.ricany.cz/wp-content/smush-webp/2023/09/ricany-radni-vorackova-jarmila-800x800.jpg.webp 800w" sizes="(max-width: 200px) 100vw, 200px" />        </div>
        <div class="content">
        <h4>                Voráčková Jarmila Ing.                </h4>                    <div class="description">radní – uvolněná</div>
                <div class="details">
                            <a class="icon phone" href="tel:+420323618109" title="Phone" aria-label="Phone">+420&nbsp;323&nbsp;618&nbsp;109</a>
                                        <a class="icon mobile" href="tel:+420702243953" title="Mobile" aria-label="Mobile">+420&nbsp;702 243 953</a>
                                        <a class="icon mail" href="mailto:jarmila.vorackova@ricany.cz" title="Email" aria-label="Email">jarmila.vorackova@ricany.cz</a>
                                        <p class="icon office" title="Office number" aria-label="Office number">A-211</p>
                                                    <p class="icon department">
                                                <a href="https://www.ricany.cz/kontakty/databaze-kontaktu/?_kontakty_oddeleni=vedeni-mesta" title="Department" aria-label="Department">Vedení města</a>
                                    </p>
                                            </div>
    </div>
</article>            </div>
            </section>

<p>Timetables valid from 8 December 2024 to 13 December 2025 Modified line routes in connection with the reconstruction of Černokostelecká:&#8230;</p>
